0577867 a prime number?
False
Is 3788046953 a prime number?
False
Is 151723350373 a composite number?
True
Is 10248267761 a composite number?
False
Is 31337363161 composite?
True
Is 2880877849 a prime number?
True
Is 6558153521 a composite number?
False
Is 576542453 a composite number?
False
Is 2474654099 a composite number?
False
Is 26564860997 a prime number?
True
Is 584355409 composite?
True
Is 792401719 a prime number?
True
Is 274481197 a composite number?
False
Is 98817831179 composite?
False
Is 37972503559 a prime number?
True
Is 7178794013 a composite number?
False
Is 315935561 a prime number?
False
Is 3366852997 prime?
False
Is 8953248371 a prime number?
True
Is 18312350647 composite?
True
Is 5632344779 a composite number?
False
Is 2354126993 a prime number?
True
Is 5366364643 a prime number?
True
Is 513589031 a prime number?
True
Is 350352791 prime?
False
Is 16026696499 prime?
False
Is 127442988119 composite?
False
Is 15745237 prime?
False
Is 6500036687 prime?
True
Is 2206930757 prime?
False
Is 498400219 prime?
False
Is 18345478789 a prime number?
False
Is 12677268553 a prime number?
True
Is 15523259783 composite?
False
Is 70327567 a prime number?
True
Is 124964869 a prime number?
False
Is 20235572303 a composite number?
True
Is 18080058219 a composite number?
True
Is 120008362783 prime?
False
Is 2619474643 prime?
True
Is 92080701935 composite?
True
Is 50542258693 composite?
False
Is 4770489091 a prime number?
True
Is 2825251297 prime?
False
Is 22960151231 a composite number?
False
Is 5261432551 a composite number?
True
Is 4140229213 prime?
True
Is 151299539 a prime number?
True
Is 85733534561 a composite number?
False
Is 1145616559 a composite number?
False
Is 954575009 composite?
False
Is 16385556883 a composite number?
True
Is 534991349 prime?
True
Is 3560550439 composite?
False
Is 66047515447 prime?
True
Is 29999278501 composite?
False
Is 83306116405 prime?
False
Is 2344109839 a prime number?
False
Is 84051034301 a composite number?
True
Is 8750798011 a composite number?
False
Is 1284269893 composite?
True
Is 61316434007 a composite number?
False
Is 17611269913 prime?
False
Is 56400759791 a composite number?
True
Is 21720893014 composite?
True
Is 1609422673 a composite number?
False
Is 25155725461 a prime number?
False
Is 1413691723 prime?
True
Is 221677804723 composite?
False
Is 20512592773 composite?
False
Is 1452717061 composite?
False
Is 4144810843 composite?
False
Is 804170499433 a prime number?
False
Is 1864313753 a prime number?
True
Is 1410180379 composite?
True
Is 2968405387 a composite number?
True
Is 550086427 a prime number?
False
Is 738494381 a prime number?
False
Is 1491853373 a prime number?
True
Is 33316835273 a prime number?
False
Is 789102677 composite?
True
Is 8315890367 composite?
False
Is 158833145171 composite?
False
Is 2811017899 a composite number?
False
Is 1518393391 a composite number?
False
Is 1327477279 composite?
True
Is 77884125791 composite?
True
Is 81115084627 a composite number?
False
Is 21808795007 composite?
False
Is 6491683397 prime?
True
Is 911523601 a composite number?
True
Is 22158832921 prime?
False
Is 75844567 prime?
True
Is 25124120161 a prime number?
False
Is 107213861693 prime?
True
Is 87681193 a composite number?
True
Is 50559285481 composite?
False
Is 2274946841 a composite number?
False
Is 5529552803 a prime number?
False
Is 535378997 a prime number?
True
Is 51565366301 prime?
False
Is 372237581 prime?
True
Is 1548394433 composite?
True
Is 98706600407 prime?
True
Is 41100511489 composite?
True
Is 9248960509 prime?
False
Is 1622974891 a composite number?
True
Is 61965271 prime?
False
Is 4385989339 prime?
True
Is 1710325931 a composite number?
True
Is 5562337603 a composite number?
False
Is 14527206353 a prime number?
False
Is 1506683341 a prime number?
False
Is 32102510927 prime?
False
Is 9131415413 a prime number?
True
Is 17926838927 prime?
True
Is 15178138697 a composite number?
True
Is 7366058117 a composite number?
True
Is 785244305 a composite number?
True
Is 36344902019 prime?
True
Is 16290499019 prime?
False
Is 2699116883 a composite number?
False
Is 106938720439 a composite number?
True
Is 130525666039 a prime number?
True
Is 35335216291 a composite number?
False
Is 1286378998 composite?
True
Is 194917049 a prime number?
True
Is 8687196227 prime?
True
Is 857512363 prime?
True
Is 216620513 composite?
True
Is 4939105211 a prime number?
False
Is 786491731 a composite number?
True
Is 114547127 a composite number?
True
Is 4908499933 a composite number?
False
Is 18454112801 a composite number?
False
Is 56151344723 composite?
False
Is 75827333 prime?
False
Is 19861930553 prime?
False
Is 610535053 composite?
True
Is 3611569189 prime?
True
Is 22514442361 a prime number?
True
Is 13295203549 composite?
True
Is 22034999389 composite?
True
Is 286544147 prime?
False
Is 11396146417 a prime number?
False
Is 643643101 composite?
False
Is 4862177473 a composite number?
True
Is 14436924149 a composite number?
False
Is 37071854173 composite?
True
Is 12041930177 a composite number?
False
Is 1751285287 a composite number?
False
Is 93882249967 a composite number?
True
Is 96489595541 composite?
False
Is 24472738 a composite number?
True
Is 69710327 a prime number?
True
Is 20162076983 a prime number?
True
Is 3924309217 a prime number?
True
Is 705093293 a prime number?
False
Is 2233278703 prime?
True
Is 11101327631 composite?
True
Is 18123298811 composite?
False
Is 32407854251 prime?
True
Is 143341553 prime?
True
Is 13862580157 a composite number?
True
Is 6392821621 prime?
True
Is 58318601 a prime number?
False
Is 21546377539 prime?
False
Is 10090878271 prime?
True
Is 1908670579 composite?
False
Is 123989779 composite?
False
Is 350543959 a composite number?
True
Is 61250093 composite?
False
Is 2379736943 a composite number?
False
Is 417559033 a composite number?
True
Is 20413732847 a composite number?
True
Is 7787744429 a composite number?
False
Is 1165095593 a composite number?
True
Is 29776372159 prime?
False
Is 2239326091 prime?
True
Is 214049237 prime?
False
Is 1249695691 prime?
False
Is 5194293073 a prime number?
True
Is 39029035622 a composite number?
True
Is 59415539583 composite?
True
Is 1089797701 prime?
True
Is 6059052277 prime?
False
Is 116621621 a prime number?
True
Is 527778241427 a composite number?
False
Is 20858810941 composite?
False
Is 14667704521 composite?
True
Is 16270728911 prime?
True
Is 9893339959 a prime number?
True
Is 27526841227 composite?
False
Is 35527442881 a prime number?
False
Is 98826525111 a prime number?
False
Is 511636859 composite?
False
Is 58218626633 prime?
True
Is 554066003 composite?
True
Is 4288860929 a prime number?
False
Is 104907580523 composite?
True
Is 1308700961 composite?
False
Is 256856833 a prime number?
False
Is 4120190287 composite?
False
Is 72528486659 a prime number?
True
Is 64792579261 a composite number?
True
Is 3577065491 prime?
False
Is 52891916741 a prime number?
True
Is 40268180633 a composite number?
True
Is 943227581 prime?
False
Is 59167251259 a prime number?
False
Is 6957017051 prime?
True
Is 78257734 composite?
True
Is 292074803 composite?
False
Is 10515025481 prime?
True
Is 102412549 composite?
False
Is 11915088051 a composite number?
True
Is 5709293203 prime?
True
Is 108982147 prime?
True
Is 6636157673 composite?
False
Is 22602332447 a prime number?
True
Is 2626720249 composite?
False
Is 35937020199 composite?
True
Is 58891817447 prime?
True
Is 196378027663 prime?
True
Is 382087813 a prime number?
True
Is 23979431759 a composite number?
False
Is 1113336767 a composite number?
True
Is 28058630583 a composite number?
True
Is 292273097 a composite number?
True
Is 24714878899 composite?
False
Is 121911037 composite?
True
Is 352792507 a composite number?
False
Is 8248471013 prime?
False
Is 26297338349 prime?
True
Is 1389632187 prime?
False
Is 787580737 a composite number?
True
Is 1284984091 a composite number?
True
Is 569165647 a composite number?
True
Is 117617639 prime?
True
Is 808873939 a composite number?
False
Is 35566269343 a composite number?
True
Is 1509454039 prime?
True
Is 252101053 a composite number?
True
Is 762771599 composite?
False
Is 1641863287 composite?
False
Is 5473555589 composite?
False
Is 2782783747 a prime number